actors of 11732326.
2, 727, 8069
List the prime factors of 4589894.
2, 631, 3637
What are the prime factors of 10962631?
10962631
What are the prime factors of 2787351?
3, 7, 331, 401
What are the prime factors of 10740124?
2, 17, 59, 2677
List the prime factors of 3525010.
2, 5, 31, 83, 137
List the prime factors of 15053772.
2, 3, 17, 109, 677
What are the prime factors of 19891001?
13, 1530077
List the prime factors of 797445.
3, 5, 11, 179
What are the prime factors of 946390?
2, 5, 17, 19, 293
What are the prime factors of 103335?
3, 5, 83
What are the prime factors of 13801536?
2, 3, 7, 163
List the prime factors of 328291.
328291
What are the prime factors of 8565352?
2, 19, 37, 1523
What are the prime factors of 1018203?
3, 37, 9173
List the prime factors of 39601647.
3, 4400183
What are the prime factors of 829684?
2, 31, 6691
List the prime factors of 5971173.
3, 13, 153107
What are the prime factors of 4668286?
2, 7, 333449
What are the prime factors of 5939029?
1999, 2971
What are the prime factors of 788300?
2, 5, 7883
What are the prime factors of 35155024?
2, 2197189
What are the prime factors of 2323144?
2, 290393
What are the prime factors of 24887484?
2, 3, 97, 7127
List the prime factors of 106057.
7, 109, 139
What are the prime factors of 2957466?
2, 3, 492911
List the prime factors of 219366.
2, 3, 7, 1741
List the prime factors of 706485.
3, 5, 13, 3623
What are the prime factors of 4156239?
3, 139, 9967
List the prime factors of 515935.
5, 7, 14741
List the prime factors of 5145060.
2, 3, 5, 85751
List the prime factors of 9837712.
2, 43, 79, 181
List the prime factors of 28353.
3, 13, 727
What are the prime factors of 373778?
2, 186889
What are the prime factors of 208293?
3, 69431
List the prime factors of 453689.
631, 719
What are the prime factors of 6089524?
2, 7, 31069
What are the prime factors of 270042?
2, 3, 45007
What are the prime factors of 1164969?
3, 13, 3319
List the prime factors of 483449.
43, 11243
What are the prime factors of 385767?
3, 42863
What are the prime factors of 35640?
2, 3, 5, 11
What are the prime factors of 273032?
2, 34129
What are the prime factors of 2319542?
2, 829, 1399
List the prime factors of 122601.
3, 40867
List the prime factors of 16776653.
167, 100459
What are the prime factors of 2671743?
3, 229, 3889
What are the prime factors of 5366047?
5366047
List the prime factors of 14484654.
2, 3, 804703
What are the prime factors of 1963235?
5, 392647
What are the prime factors of 283791?
3, 94597
What are the prime factors of 215426?
2, 107713
List the prime factors of 4749662.
2, 2374831
List the prime factors of 1579461.
3, 13, 40499
What are the prime factors of 355278?
2, 3, 7, 11, 769
List the prime factors of 245854.
2, 7, 17, 1033
List the prime factors of 11594724.
2, 3, 966227
List the prime factors of 3638282.
2, 29, 149, 421
What are the prime factors of 399754?
2, 199877
List the prime factors of 6755408.
2, 11, 131, 293
What are the prime factors of 91771?
91771
What are the prime factors of 525260?
2, 5, 26263
List the prime factors of 3057987.
3, 1019329
What are the prime factors of 2079307?
61, 89, 383
List the prime factors of 10025370.
2, 3, 5, 12377
List the prime factors of 7516782.
2, 3, 7, 13, 353
What are the prime factors of 280133?
7, 5717
List the prime factors of 94992.
2, 3, 1979
What are the prime factors of 583903?
583903
What are the prime factors of 314186?
2, 29, 5417
List the prime factors of 1477245.
3, 5, 7, 11, 1279
What are the prime factors of 182755?
5, 36551
List the prime factors of 11792555.
5, 31, 76081
List the prime factors of 986908.
2, 13, 18979
What are the prime factors of 8908446?
2, 3, 1484741
What are the prime factors of 351435?
3, 5, 7, 3347
What are the prime factors of 128446?
2, 64223
List the prime factors of 3778428.
2, 3, 499, 631
What are the prime factors of 1669276?
2, 7, 59617
What are the prime factors of 625093?
7, 12757
What are the prime factors of 1926920?
2, 5, 67, 719
List the prime factors of 21151208.
2, 13, 29, 7013
List the prime factors of 100664.
2, 12583
List the prime factors of 46561.
101, 461
What are the prime factors of 7035774?
2, 3, 179, 6551
What are the prime factors of 234717?
3, 7, 11177
List the prime factors of 9179302.
2, 11, 83, 457
What are the prime factors of 71687?
7, 11, 19
What are the prime factors of 608460?
2, 3, 5, 10141
List the prime factors of 1516706.
2, 17, 31, 1439
What are the prime factors of 1836249?
3, 612083
What are the prime factors of 2318346?
2, 3, 37, 59
List the prime factors of 700017.
3, 19, 12281
What are the prime factors of 127118?
2, 63559
What are the prime factors of 245743?
397, 619
List the prime factors of 239625.
3, 5, 71
What are the prime factors of 2470158?
2, 3, 109, 1259
What are the prime factors of 13044214?
2, 383, 17029
What are the prime factors of 32625083?
37, 503, 1753
List the prime factors of 7083642.
2, 3, 67, 263
What are the prime factors of 3506987?
11, 318817
List the prime factors of 454241.
59, 7699
What are the prime factors of 2322444?
2, 3, 103, 1879
List the prime factors of 313999.
7, 31, 1447
List the prime factors of 2014540.
2, 5, 11, 9157
List the prime factors of 5508900.
2, 3, 5, 6121
What are the prime factors of 2317369?
71, 127, 257
List the prime factors of 41572.
2, 19, 547
What are the prime factors of 2431099?
11, 29, 7621
List the prime factors of 1663061.
23, 72307
What are the prime factors of 5115086?
2, 881, 2903
List the prime factors of 306287.
53, 5779
What are the prime factors of 2140981?
149, 14369
List the prime factors of 816517.
13, 107, 587
List the prime factors of 16148224.
2, 63079
What are the prime factors of 774042?
2, 3, 23, 71, 79
What are the prime factors of 148152?
2, 3, 6173
What are the prime factors of 715618?
2, 357809
List the prime factors of 26038065.
3, 5, 1735871
What are the prime factors of 1059733?
1059733
List the prime factors of 48790.
2, 5, 7, 17, 41
List the prime factors of 338577.
3, 112859
List the prime factors of 50185.
5, 10037
What are the prime factors of 74441?
74441
What are the prime factors of 222966?
2, 3, 4129
List the prime factors of 95361.
3, 7, 19, 239
List the prime factors of 410271.
3, 163, 839
What are the prime factors of 884363?
884363
List the prime factors of 3094320.
2, 3, 5, 12893
List the prime factors of 14623818.
2, 3, 11, 20143
List the prime factors of 1001233.
131, 7643
List the prime factors of 509818.
2, 23, 11083
What are the prime factors of 338083?
233, 1451
What are the prime factors of 17097?
3, 41, 139
What are the prime factors of 399358?
2, 199679
What are the prime factors of 15453691?
11, 1404881
List the prime factors of 3235495.
5, 647099
List the prime factors of 15074413.
15074413
List the prime factors of 2149781.
2149781
What are the prime factors of 628351?
599, 1049
What are the prime factors of 4296188?
2, 13, 82619
List the prime factors of 8198957.
13, 630689
List the prime factors of 27838813.
151, 263, 701
What are the prime factors of 167179?
47, 3557
List the prime factors of 22187661.
3, 31, 227, 1051
List the prime factors of 4258489.
19, 224131
What are the prime factors of 5044410?
2, 3, 5, 7, 17, 157
What are the prime factors of 922769?
443, 2083
What are the prime factors of 3439515?
3, 5, 107, 2143
List the prime factors of 1141126.
2, 7, 81509
What are the prime factors of 90?
2, 3, 5
List the prime factors of 7093608.
2, 3, 295567
List the prime factors of 1804058.
2, 902029
List the prime factors of 286879.
23, 12473
What are the prime factors of 612364?
2, 29, 5279
What are the prime factors of 247886?
2, 41, 3023
List the prime factors of 274644.
2, 3, 2543
What are the prime factors of 26218739?
26218739
List the prime factors of 48049.
48049
What are the prime factors of 12477539?
12477539
List the prime factors of 40828.
2, 59, 173
What are the prime factors of 3805347?
3, 7, 13, 53, 263
List the prime factors of 12536715.
3, 5, 877, 953
What are the prime factors of 495856?
2, 17, 1823
List the prime factors of 8183787.
3, 269, 10141
What are the prime factors of 31656946?
2, 283, 55931
List the prime factors of 23573416.
2, 641, 4597
What are the prime factors of 13055198?
2, 13, 131, 